4*r + 11. Let v(t) = -39*t**3 - 10*t**2 + 4*t + 13. Let f(o) = 3*v(o) - 4*w(o). What are the prime factors of f(2)?
307
Suppose n = 1 + 1. Let w(y) = -n*y**2 - 4*y - 17 - 12 + 3*y**2 - 4*y. What are the prime factors of w(14)?
5, 11
Suppose -6*d = -9*d, -2*d - 8142 = -3*f. What are the prime factors of f?
2, 23, 59
Suppose -31798 = -4*p + 5*i, 19090 + 20743 = 5*p + 8*i. What are the prime factors of p?
73, 109
Let b be (2/(-6))/((-8)/72). Suppose 2*m = -j - 1, -4*m - m = b*j + 5. Suppose 0 = -2*g + 4*o + 54, -2*g - m*g - 5*o + 173 = 0. What are the prime factors of g?
37
Let d = -7 + -52. Let k = d + 307. List the prime factors of k.
2, 31
Let j(i) = i**3 + 4*i**2 + 7*i + 4. Let a be j(-3). Let z be 3 - 2*(-4)/a. List the prime factors of z/(-8) - 457/8*-2.
2, 3, 19
Let d(v) = -54*v + 16. Let c(n) = n + 1. Let s(h) = -c(h) - d(h). Let k be s(5). Suppose 0 = 2*o - k + 54. List the prime factors of o.
97
Suppose 20*m - 23*m + 3854 = -2*o, 4*m - 5138 = 3*o. Let r = -223 + m. What are the prime factors of r?
1063
Let i be 1/(((-24)/(-66822))/4). Suppose -7*q + i = 3731. What are the prime factors of q?
2, 23
Let n = 87 - 139. Let j = -61 - n. List the prime factors of 24/j*(-165)/10.
2, 11
Let q = 354 - 303. What are the prime factors of 15*10/45*q?
2, 5, 17
Let t(m) = 4*m**2 - 2*m + 22. Suppose 81*o - 84*o - 42 = 0. Let d(z) = -z**2 - 18*z - 48. Let j be d(o). List the prime factors of t(j).
2, 131
Suppose -41*c = -47*c - 1944. Let h = 657 + c. What are the prime factors of h?
3, 37
Suppose -3 + 59 = 7*h. Let z be (12/h)/((-9)/(-30)). Suppose 2*g + 30 = z*g. What are the prime factors of g?
2, 5
Let v = 2324 - -275. What are the prime factors of v?
23, 113
Suppose 0 = -13*d + 14*d - 2. Let t(y) = 15*y**2 - 10*y + 2. Let s(r) = -60*r**2 + 41*r - 8. Let k(a) = d*s(a) + 9*t(a). What are the prime factors of k(3)?
113
Suppose -11*g = -5*g + 252. Let k = -19 + g. Let n = k - -178. List the prime factors of n.
3, 13
What are the prime factors of (7955/86 - -20)/(6/1088)?
2, 3, 5, 17
Suppose -a - 15 - 44 = 5*h, 5*a - 5*h = -145. What are the prime factors of 208274/374 - 4/a?
557
Let d(r) = -2*r + 72*r + 3 - 1. Suppose 5*v = 4*s - 15, -20*v = -24*v - 3*s + 19. List the prime factors of d(v).
2, 3
Let r be (-1)/2*0/(-6)*1. Let x(u) = -2*u + 9*u**2 + r*u + 13 - 26 + u**3 + 8. List the prime factors of x(-8).
3, 5
Let l = 7065 - -15270. What are the prime factors of l?
3, 5, 1489
Let s be (-8)/44 + (684/11 - -2). Suppose p = 272 + s. Suppose -49*h - p = -53*h. What are the prime factors of h?
2, 3, 7
Let q be (-44)/(-8) + 2/4. Suppose -2*s + 22 = 2*k - q*s, 3*s + 24 = 2*k. Suppose -k = -d + 24. What are the prime factors of d?
3, 13
Let l be 735/(-18) - (-3)/(-18). Let t = l - -7. Let b = t - -53. List the prime factors of b.
19
Suppose 5*b - 221139 = 3*j, -2*j = 4*b - 184785 + 7865. List the prime factors of b.
3, 23, 641
Let a be -3*(3 - (-11)/(-3)). Suppose -a*s + 5*s = -3. List the prime factors of s/(-8) + 765/24.
2
Let i(d) = -d**3 + 5*d**2 + 9*d - 18. Let y be i(5). Let x(n) = 25*n - 104. What are the prime factors of x(y)?
571
Suppose -3*o - 1344 = -3*v, 2*o - 3*o - 440 = -3*v. Let d = -318 - o. List the prime factors of d.
2, 67
Let g(l) = 50*l + 2227. Let a be g(-43). Suppose c - 5 + 1 = 0. Suppose a = c*d - 123. List the prime factors of d.
2, 5
Let z(w) = -w + 1. Let r(i) = i**2 - 26*i + 17. Let n be 4/(-14) + 3*5/(-21). Let k(x) = n*r(x) - 5*z(x). List the prime factors of k(22).
2, 11
Let j(z) = -7*z**2 + 0*z**2 + 5*z**2 + 3*z**2 - 13*z - 9. Let c be j(14). Suppose g - 438 = -c*g. List the prime factors of g.
73
Suppose 4*q - 190 = -8*y + 3*y, 0 = -4*q + 2*y + 204. Let u(t) = -53*t + 98*t + 11 - q*t. What are the prime factors of u(-11)?
2, 3, 11
Suppose -4*d = 4*s + 341 + 135, -3*d = -2*s + 362. Let m = 250 + d. What are the prime factors of m?
2, 5, 13
List the prime factors of (5847964/372)/(4/3 - 1).
47161
Let l(k) = 34*k**3 - 6*k**2 + 7*k + 31. What are the prime factors of l(5)?
2, 2083
Suppose 0 = 5*u - 4*f + 37, -9*u + 17 = -13*u - f. Let o be (20/12)/u*-33. What are the prime factors of (169*-2)/(-13 + o)?
13
Let t = -221 - -222. What are the prime factors of 71*3/3*t?
71
Suppose 0 = 2*k + 6*d + 1486 - 4364, -4*k + 4*d = -5852. List the prime factors of k.
31, 47
Let s be (48/(-90)*-9)/((-4)/1670). Let m = s + 3287. List the prime factors of m.
1283
Suppose -5 = -g + 3*c + 1, 5*g - 10 = -5*c. Suppose 25 = n + 5*b - 10, b + g = 0. Let k = n + 15. What are the prime factors of k?
5, 13
Suppose -29*l = -21*l - 784. Suppose -l - 12 = -v. List the prime factors of v.
2, 5, 11
Suppose -4*v + 9*v = 10. Let i = 815 - 687. Suppose 3*a = 4*n - i, 0 = v*n + 3*a - 1 - 81. What are the prime factors of n?
5, 7
Let m(f) = f**2 + 7*f. Let c be m(-8). List the prime factors of 42/(c - 2) + 372.
379
Let z(d) = 7*d**2 + 11*d + 27. Let l(v) = -3*v**2 - 6*v - 13. Let b(r) = -5*l(r) - 2*z(r). Let m be b(-5). What are the prime factors of ((-20)/(-5))/(m/(-62))?
2, 31
Let d(t) = 11 - 3*t**2 - 28 + 4 + t**3 + 9*t. What are the prime factors of d(9)?
2, 277
Let h = 25 - 70. Let c = -64 - h. Let w = 93 + c. What are the prime factors of w?
2, 37
Suppose 2*q - j - 221 = -2*q, 3*q - 4*j - 156 = 0. Let p = q - 56. List the prime factors of p - (0 - 46) - (57 - 54).
43
Let g(n) be the third derivative of -4*n**2 + 0*n + 0 + 5/8*n**4 + 1/60*n**5 - 4/3*n**3. List the prime factors of g(-16).
2
Suppose 16 = 4*x, 78*l = 76*l + 2*x + 16174. What are the prime factors of l?
3, 29, 31
Let m be 144/(-14) - 0 - (-2)/7. Let p be (2 - 12)/(m/(-5)). List the prime factors of -4 - p - (-180)/3.
61
Let o(w) = 1034*w**2 - 52*w + 150. List the prime factors of o(3).
2, 3, 5, 31
Suppose -21123*s - 142245 = -21138*s. List the prime factors of s.
3, 29, 109
Suppose -11*o = 1166 + 1012. What are the prime factors of (o/132)/(6/(-620))?
5, 31
List the prime factors of -11 - (12 - 2210 - 2).
11, 199
Let k(b) = b**2 + 3*b - 4. Let x be k(-5). Let h be 4/x*((-2)/(-1) - -13). Suppose -9*g = -h*g + 27. What are the prime factors of g?
3
Let i(m) be the first derivative of -24*m**4 - m**2/2 - 2*m - 3. Suppose 23*r + 3 = 20*r. What are the prime factors of i(r)?
5, 19
Suppose 0 = -16*j - 21*j + 628149. List the prime factors of j.
3, 5659
Suppose -2*w = -k - 34977, -3*k = 2*w - 15024 - 19925. List the prime factors of w.
5, 13, 269
Suppose -15*q = -11*q - 524. Let r = q + 383. What are the prime factors of r?
2, 257
Let z be (18/(-30) - 1/15)*3. Let y be 0/5*2*1/z. Suppose -x + y*x + 218 = 5*u, 2*x - 409 = -u. What are the prime factors of x?
7, 29
What are the prime factors of (4 - 13216)/(5 + 6 + -13)?
2, 3, 367
Let f(p) = -6*p + 1. Let w be f(-8). Let b be 76/(-6)*30/(-20). Let s = b + w. List the prime factors of s.
2, 17
Let r = -424 - -340. What are the prime factors of (r/15)/((-12)/750)?
2, 5, 7
Let d = 197 + -106. Suppose -11*f + d = -4*f. List the prime factors of (19/38 - (-2)/4)*f.
13
Suppose -12*v = 5*f - 14*v - 11, 6 = 3*v. Suppose -f*a - 132 = -420. List the prime factors of a.
2, 3
Let m(w) be the second derivative of w**5/20 + 5*w**4/12 + w**3/6 - 2*w**2 + w. Let p = 1038 + -1042. What are the prime factors of m(p)?
2
Let b(j) = -5*j**3 - 9*j**3 + 5*j + 11*j**3 - 9*j**3 + 1 + j**2. Let t be b(-4). What are the prime factors of (t/(-18))/(2/(1*-4))?
5, 17
Let k = 16618 + 1708. What are the prime factors of k?
2, 7, 11, 17
Let o = -436 - -438. Suppose -w - y = -4, -o*y - 20 = -0*w - 2*w. What are the prime factors of w?
7
Let l(z) = -5*z**3 - 53*z**2 + 35. List the prime factors of l(-15).
5, 997
Let d(w) = w**3 + 27*w**2 + 22*w - 6. Let h = 245 - 269. List the prime factors of d(h).
2, 3, 199
Let p = -1172 - -2068. Suppose 2*m + 2*f = 4*m - p, 3*m - 1345 = 2*f. List the prime factors of m.
449
Suppose 0 = a + 7*a + 3840. Let w be 5 + -6 - (3 + -1) - a. Suppose -7*l + w = -573. What are the prime factors of l?
2, 3, 5
Let b be ((-150)/18 - -3)/(2/(-21)). Suppose -27653 = -b*k + 19107. What are the prime factors of k?
5, 167
Let y = 227753 - 153689. What are the prime factors of y?
2, 3, 1543
Suppose 3*p = -p + 240. Let u be 8/20*(-9 + 69). Suppose -5*a = -l - p, 0 = 4*a - 0*l + 4*l - u. What are the prime factors of a?
11
Suppose 38 = 4*w + 2. Suppose 1076 + 5134 = w*i.